 - m, 3*a - 2*m - 274 = 0. Let s be 4*(-3)/a + 34/30. Calculate the highest common factor of s and 7.
1
Suppose 0 = 10*x - 116 - 184. What is the highest common factor of x and 20?
10
Suppose 4*r - 3*d - 87 = 0, -30 = -r + 5*d + 13. Let c be r - 0/((-4)/4). Let p = 41 - 5. What is the greatest common divisor of p and c?
18
Let a = 5 - -7. Let u be (5 + -1)/(-2) + a. Calculate the greatest common divisor of 60 and u.
10
Suppose 5*i - 2*n = 2*i + 28, 5*i - 46 = 3*n. What is the highest common divisor of i and 8?
8
Let m(q) = -q + 8. Let x be m(-7). Suppose 3*v + 14 + x = h, -2*v = 6. Suppose n + 7 = h. Calculate the highest common divisor of n and 104.
13
Suppose k - 2*f - 32 = 0, 0 = -3*k - 12*f + 11*f + 89. Let w = 18 - 6. Calculate the highest common divisor of w and k.
6
Let x(w) = 9*w + 5. Let c(m) = 26*m + 16. Let y(g) = -4*c(g) + 11*x(g). Let u be y(-9). Suppose u = q - 52. What is the greatest common divisor of q and 8?
8
Suppose -6*p = -860 + 50. Calculate the greatest common factor of p and 10.
5
Suppose 4*s = 5 + 7. What is the greatest common factor of 81 and s?
3
Let g be 17/(238/2308) + 2/14. Calculate the highest common divisor of 15 and g.
15
Let r(s) = 3*s**2 + 2*s + 1. Let p be r(-1). Let d be (8/p - 42)/2. Let w = -8 - d. Calculate the greatest common divisor of 1 and w.
1
Let r(k) = -3*k - 2. Let a be r(-2). Suppose -u + a = u. Calculate the highest common factor of 16 and u.
2
Suppose -150 = -w - 105. What is the highest common factor of 1845 and w?
45
Let d(s) = -4*s - 24. Let n be d(-9). Let q = -13 - -16. What is the highest common divisor of q and n?
3
Let c(i) = 2*i**2 + 16*i - 6. Let m be c(-8). Let o(w) = -w**2 - 4*w + 20. Let h be o(m). Calculate the highest common factor of h and 32.
8
Let c(t) = 80*t - 1. Let f be c(1). Let i = f - 46. Calculate the highest common factor of i and 132.
33
Suppose 2*q + 3*p - 7*p - 68 = 0, 3*q - 101 = 5*p. Calculate the greatest common divisor of 112 and q.
16
Suppose 3*x - 4*z = 277, 23*x - 3*z = 24*x - 88. Suppose -f - 1 = -2*b + 14, -2 = -b - 5*f. Calculate the greatest common factor of b and x.
7
Suppose 1 + 5 = 3*c. Suppose c*z = -4*z + 48. Calculate the greatest common divisor of z and 32.
8
Let u(q) = -2*q**2 + q + 2. Let l be 20/70 - 2/7. Let w be u(l). Calculate the greatest common factor of 14 and w.
2
Let z(y) = -2*y**3 - 9*y**2 - 9*y + 10. Let l be z(-7). Calculate the greatest common factor of 6 and l.
6
Suppose -10*m + 191 = 71. Suppose 0 = -m*h + 352 + 560. What is the greatest common divisor of 38 and h?
38
Let u = 6 + -3. Suppose 5*a - 106 = l + 442, -4*l = u*a - 338. Suppose 3*q + 30 = 3*n, 2*n = 3*q - 4*q + 20. Calculate the highest common factor of n and a.
10
Suppose 9*o - 5*o = -56. Let i be ((-105)/o)/((-2)/(-32)). Suppose -g = -3*x - 33, -125 = -5*g + g + 5*x. What is the highest common factor of g and i?
30
Let m = -10 + 22. Let u = 17 - m. Suppose u = o - 3. Calculate the highest common divisor of 16 and o.
8
Suppose 3*g = 4*g - 53. Let o = 58 - g. What is the highest common factor of 35 and o?
5
Let a be (-3)/9 - (-292)/12. Calculate the greatest common divisor of 40 and a.
8
Let g(b) be the third derivative of 11*b**4/24 - b**3/6 - 51*b**2. Let k be g(2). Let j = -32 - -46. Calculate the greatest common divisor of j and k.
7
Let c be ((-261)/(-116))/(1/4). What is the highest common divisor of 909 and c?
9
Let w(m) be the second derivative of 11*m**3/6 + 27*m**2/2 + 6*m - 1. Let t be w(0). What is the greatest common factor of t and 54?
27
Let a = -286 + 176. Let b be a/40*(0 + -4). What is the highest common divisor of b and 99?
11
Let a be (-1)/(-2 - (-295)/150). Calculate the greatest common divisor of 110 and a.
10
Let h be 9/12*(-5 - -9). Let l(c) = c**2 - 4*c + 5. Let t be l(h). Suppose 2 = v, -5*v = t*r + 2*r - 26. Calculate the highest common divisor of 1 and r.
1
Let p be ((-289)/2)/((-15)/30). Calculate the highest common divisor of 34 and p.
17
Let c = 191 - 183. What is the greatest common factor of c and 648?
8
Let c = 154 - 150. Calculate the greatest common divisor of 508 and c.
4
Let x(s) = -6 + 2 + 3*s + 5. Let y be x(6). Calculate the greatest common factor of y and 38.
19
Suppose 514 = -4*k + t + 1526, t - 248 = -k. What is the highest common factor of k and 168?
84
Let r(a) = -5*a + 44 + 2*a - 7. Let n(p) = -5*p + 56. Let z(s) = -5*n(s) + 8*r(s). Let v be z(-7). What is the highest common divisor of 6 and v?
3
Let d = 13 - -67. Suppose -219*p = -215*p - d. What is the highest common divisor of p and 8?
4
Let f = -62 - -122. Suppose -2*k + 7*k + 5*i = f, 0 = -5*k - 4*i + 58. What is the highest common factor of k and 30?
10
Suppose 11*n - 222 - 328 = 0. What is the highest common divisor of n and 925?
25
Suppose -4*c = 2*q - 6, -7*c - 2*q + 6 = -2*c. Let t(d) = 3*d + 12. Let v be t(c). What is the greatest common factor of v and 84?
12
Suppose -52*f = -33*f - 380. What is the highest common divisor of 210 and f?
10
Suppose 4*q - 3*q + 5*v = -25, q + 2*v = -10. Suppose 18*i - 14*i - 4 = q. What is the greatest common factor of i and 7?
1
Suppose 0 = 4*r - 4*y - 400, -3*r - y + 199 = -101. What is the greatest common divisor of r and 175?
25
Let w = -156 - -289. Suppose 6*p - 60 = -4*p. Suppose -5*n = -101 + p. What is the greatest common divisor of n and w?
19
Let z = 148 - 66. Let m = z + -58. What is the highest common factor of 3 and m?
3
Suppose 0 = -5*s - 7*d + 145, -51 = -3*s + 21*d - 18*d. Suppose 2*n + 1 = 111. What is the greatest common factor of s and n?
11
Let w = 20 - 18. Let l be -1*w*(-15 - -10). What is the greatest common divisor of 30 and l?
10
Let r be 12 + 15/(-20) + 14/8. Suppose 2*o - 3*g = r, -4*g + 81 = 4*o + g. Let p(j) = 34*j + 2. Let v be p(2). What is the greatest common factor of o and v?
14
Let i(a) = -7*a**3 + a**2 + a - 4. Let v be i(2). Let w = -30 - v. Let l be 8*1 + -2*1. What is the greatest common factor of w and l?
6
Let b(g) = -12*g - 8 + g**2 - 7*g**2 + 5*g**2. Suppose -4*u + 3*a - 53 = 0, 0*a = a - 3. Let c be b(u). Calculate the greatest common factor of c and 6.
3
Let q = -1501 + 1550. Calculate the greatest common divisor of 196 and q.
49
Let q = -25 - -30. Suppose -q - 9 = -7*x. Suppose -o = -4*b + 2*o + 43, 5*o = -x*b - 11. What is the greatest common divisor of 63 and b?
7
Suppose 27 = 5*k - 4*m, -11 = 4*m + 1. Suppose -4*h - k*t = -0*t - 6, 4 = 2*h + t. Suppose 0 = -4*q + 26 + 58. What is the greatest common factor of q and h?
3
Suppose 6*o - o = -v - 200, -3*o + 2*v - 107 = 0. Let a = o - -75. Calculate the highest common factor of 9 and a.
9
Suppose 2*g - 3*u = u + 244, -2*g - 2*u = -214. Suppose -2*q - 16 = -4*q. Suppose -g - q = -3*a. What is the greatest common factor of 10 and a?
10
Let n = 22 + -17. Suppose -n*d + 3*a + 48 = 4*a, 5*a = -4*d + 51. Calculate the greatest common factor of d and 3.
3
Suppose -4*i = 4*j - 468, j + 37 = 3*i - 302. What is the highest common factor of i and 54?
6
Let q be -1*12*-1 + 0. Let w be ((-52)/q)/((-4)/132). What is the highest common divisor of 13 and w?
13
Suppose -f - 6 = 4*j, 0 = -f + 6*f + 4*j - 2. Let d = -2 - f. Let c be (-53)/d - (-5)/(-20). Calculate the highest common factor of 13 and c.
13
Let c(b) = 3*b - 4 + 2*b**2 - 12*b + 16. Let h be c(6). Calculate the highest common factor of 15 and h.
15
Suppose 2*d = -2*d. Suppose -3*m - 5 = -d*m - 4*a, -2*m - a = -15. Let b = m + 3. What is the greatest common divisor of 8 and b?
8
Let d(p) = 30*p**2 + p - 2. Let n be d(3). Suppose -n = -8*t + 1129. Calculate the highest common factor of 70 and t.
35
Let t(s) = 7*s**2 + 103*s - 6. Let h be t(-15). What is the highest common divisor of h and 40?
8
Let c = -1515 - -1524. What is the highest common factor of c and 9?
9
Let m = 42 - 38. Suppose 5*j - 6*o - 57 = -m*o, -12 = -3*o. What is the highest common factor of 13 and j?
13
Suppose 2*r - 15 = 3*m - 1, 2 = m + r. Suppose w - 5*k + 73 = 0, -2*w - 125 = -k - 2*k. Let z = m - w. What is the highest common divisor of 7 and z?
7
Let j = 551 + -488. Calculate the greatest common factor of 231 and j.
21
Let r(a) = 3*a + 47. Let q be r(-15). Let s be (q/5)/(3/(-450)*-5). What is the greatest common factor of 96 and s?
12
Suppose -603 = -40*n + 197. What is the highest common divisor of n and 540?
20
